{"id":3616,"date":"2026-08-08T09:12:13","date_gmt":"2026-08-08T09:12:13","guid":{"rendered":"https:\/\/fotorama.cl\/boda\/?page_id=3616"},"modified":"2026-08-08T09:18:34","modified_gmt":"2026-08-08T09:18:34","slug":"vision-de-fotorama-boda","status":"publish","type":"page","link":"https:\/\/fotorama.cl\/boda\/vision-de-fotorama-boda\/","title":{"rendered":"Vision de fotorama boda"},"content":{"rendered":"\t\t<div data-elementor-type=\"wp-page\" data-elementor-id=\"3616\" class=\"elementor elementor-3616\" data-elementor-post-type=\"page\">\n\t\t\t\t<div class=\"elementor-element elementor-element-b70854d e-flex e-con-boxed e-con e-parent\" data-id=\"b70854d\" data-element_type=\"container\">\n\t\t\t\t\t<div class=\"e-con-inner\">\n\t\t\t\t<div class=\"elementor-element elementor-element-59c7b35 elementor-widget elementor-widget-image\" data-id=\"59c7b35\" data-element_type=\"widget\" data-widget_type=\"image.default\">\n\t\t\t\t<div class=\"elementor-widget-container\">\n\t\t\t\t\t\t\t\t\t\t\t\t<figure class=\"wp-caption\">\n\t\t\t\t\t\t\t\t\t\t<img fetchpriority=\"high\" decoding=\"async\" width=\"604\" height=\"404\" src=\"https:\/\/fotorama.cl\/boda\/wp-content\/uploads\/2026\/08\/509357751_10237895307547703_1987801341215568544_n.jpg\" class=\"attachment-1536x1536 size-1536x1536 wp-image-3619\" alt=\"\" srcset=\"https:\/\/fotorama.cl\/boda\/wp-content\/uploads\/2026\/08\/509357751_10237895307547703_1987801341215568544_n.jpg 604w, https:\/\/fotorama.cl\/boda\/wp-content\/uploads\/2026\/08\/509357751_10237895307547703_1987801341215568544_n-300x201.jpg 300w, https:\/\/fotorama.cl\/boda\/wp-content\/uploads\/2026\/08\/509357751_10237895307547703_1987801341215568544_n-570x380.jpg 570w, https:\/\/fotorama.cl\/boda\/wp-content\/uploads\/2026\/08\/509357751_10237895307547703_1987801341215568544_n-380x254.jpg 380w, https:\/\/fotorama.cl\/boda\/wp-content\/uploads\/2026\/08\/509357751_10237895307547703_1987801341215568544_n-285x190.jpg 285w\" sizes=\"(max-width: 604px) 100vw, 604px\" \/>\t\t\t\t\t\t\t\t\t\t\t<figcaption class=\"widget-image-caption wp-caption-text\">Fotografia tomada por ahi el 2006 cuando estaba recien empezando a fotografiar matrimonios profesionalmente y facebook me la recordo hace unos dias<\/figcaption>\n\t\t\t\t\t\t\t\t\t\t<\/figure>\n\t\t\t\t\t\t\t\t\t<\/div>\n\t\t\t\t<\/div>\n\t\t\t\t\t<\/div>\n\t\t\t\t<\/div>\n\t\t<div class=\"elementor-element elementor-element-cddf9ad e-flex e-con-boxed e-con e-parent\" data-id=\"cddf9ad\" data-element_type=\"container\">\n\t\t\t\t\t<div class=\"e-con-inner\">\n\t\t\t\t<div class=\"elementor-element elementor-element-8c4d41b elementor-widget elementor-widget-text-editor\" data-id=\"8c4d41b\" data-element_type=\"widget\" data-widget_type=\"text-editor.default\">\n\t\t\t\t<div class=\"elementor-widget-container\">\n\t\t\t\t\t\t\t\t\t<h1><b>Cuando una fotograf\u00eda se convierte en memoria<\/b><\/h1><p><span style=\"font-weight: 400;\">Cuando fotograf\u00edo una boda, s\u00e9 que estoy fotografiando un d\u00eda importante. Lo que no puedo saber es cu\u00e1nto van a valer esas fotograf\u00edas dentro de diez, veinte o cuarenta a\u00f1os. Pero puedo imaginar que mucho<\/span><\/p><p><span style=\"font-weight: 400;\">Roland Barthes, (escritor, cr\u00edtico, semi\u00f3logo y te\u00f3rico franc\u00e9s) en <\/span><i><span style=\"font-weight: 400;\">La c\u00e1mara l\u00facida<\/span><\/i><span style=\"font-weight: 400;\">, escribi\u00f3 sobre una idea que siempre me ha parecido profundamente ligada a la fotograf\u00eda: una fotograf\u00eda nos dice que <\/span><b>eso estuvo ah\u00ed<\/b><span style=\"font-weight: 400;\">. Esa persona estuvo frente a la c\u00e1mara y toma m\u00e1s peso cuando ya no est\u00e1 esa persona en este plano. Suena obvio pero filos\u00f3ficamente hablando tiene su peso<\/span><\/p><p><span style=\"font-weight: 400;\">Barthes escribi\u00f3 parte de estas reflexiones despu\u00e9s de la muerte de su madre, buscando entre sus fotograf\u00edas no simplemente c\u00f3mo se ve\u00eda, sino una imagen en la que pudiera reconocer verdaderamente qui\u00e9n hab\u00eda sido ella. Lo que \u00e9l llama punctum, que es lo no visible racionalmente de la foto, osea no es lo que socialmente tenemos arraigado, un abrazo,situaci\u00f3n de amor filial, un ni\u00f1o que produce ternura etc. (eso es el studium) el punctum es lo que a nosotros nos llama la atenci\u00f3n, nos conecta con la foto, que no es explicable y que para cada uno es diferente y generalmente no se puede explicar<\/span><\/p><p><span style=\"font-weight: 400;\">Eso me hace pensar mucho en mi trabajo.<\/span><\/p><p><span style=\"font-weight: 400;\">En una boda fotograf\u00edo a los novios, por supuesto, un padre abrazando a su hija, los abuelos conversando, una madre arreglando un vestido, unos hermanos ri\u00e9ndose, un ni\u00f1o corriendo entre las mesas. Fotograf\u00edas que el tiempo puede convertir en las m\u00e1s importante, pero que fundamentalmente cada uno va a ver distinto, eso hace que idealmente,los novios tengan una coneccion con el fot\u00f3grafo, que lo conozcan antes, que el fot\u00f3grafo los conozca y sepa de ellos, no es necesario llenar un cuestionario ni dada por el estilo, tomarse un caf\u00e9 conversado ya es un buen inicio y que veas el trabajo del fot\u00f3grafo y realmente te conectes con sus fotos, m\u00e1s all\u00e1 si el valor del servicio es alto o bajo, obviamente tienes un presupuesto destinado, pero con ese presupuesto busca al fot\u00f3grafo con el que conectes. Se que diciendo esto, no por nada malo, pero puedo tal vez perder alg\u00fan cliente que no conect\u00e9 totalmente con mis fotos, pero a la vez me deja tranquilo de que los que me contraten hayan visto mis fotos y les hagan sentido.<\/span><\/p><p><span style=\"font-weight: 400;\">Volviendo a la idea inicial:<\/span><\/p><p><b>El tiempo reorganiza el valor de las fotograf\u00edas.<\/b><\/p><p><span style=\"font-weight: 400;\">Por eso, despu\u00e9s de m\u00e1s de veinte a\u00f1os fotografiando matrimonios, entiendo cada vez m\u00e1s una boda como un <\/span><b>archivo afectivo de una familia<\/b><span style=\"font-weight: 400;\">. Mi trabajo mezcla una mirada documental con fotograf\u00edas m\u00e1s dirigidas y editoriales, pero en ambas busco lo mismo: estar presente, observar y reconocer aquello que merece permanecer.<\/span><\/p><p><span style=\"font-weight: 400;\">Porque las fotograf\u00edas tienen una segunda vida despu\u00e9s de que las entreg\u00f3.<\/span><\/p><p><span style=\"font-weight: 400;\">Se miran, se comparten, se imprimen y, a\u00f1os despu\u00e9s, se vuelven a encontrar. Por eso tambi\u00e9n insisto en algo mucho menos rom\u00e1ntico, pero igual de importante: <\/span><b>hay que respaldarlas<\/b><span style=\"font-weight: 400;\">. Guardarlas en m\u00e1s de un lugar. Imprimir algunas. Hacer un libro. No confiar la memoria de una familia \u00fanicamente a un tel\u00e9fono, un computador o una nube que alg\u00fan d\u00eda podamos dejar de usar.<\/span><\/p><p><span style=\"font-weight: 400;\">Una fotograf\u00eda profesional no termina cuando la entregamos. En cierta forma, ah\u00ed comienza.<\/span><\/p><p><span style=\"font-weight: 400;\">Quiz\u00e1s dentro de treinta a\u00f1os alguien abra un libro de matrimonio y encuentre all\u00ed a una persona que ya no est\u00e1. Y entonces esa fotograf\u00eda dejar\u00e1 de ser simplemente una buena foto de una boda.<\/span><\/p><p><span style=\"font-weight: 400;\">Ser\u00e1 otra cosa.<\/span><\/p><p><span style=\"font-weight: 400;\">Ser\u00e1 memoria, ausencia, afecto.<\/span><\/p><p><span style=\"font-weight: 400;\">Ser\u00e1 la posibilidad de mirar y decir:<\/span><\/p><p><b>esto ocurri\u00f3. Esta persona estuvo aqu\u00ed. Nos miramos as\u00ed. Nos quisimos as\u00ed.<\/b><\/p><p><span style=\"font-weight: 400;\">Por eso para m\u00ed fotografiar una boda nunca ha sido solamente fotografiar un d\u00eda.<\/span><\/p><p><b>Es fotografiar el presente pensando tambi\u00e9n en la memoria.<\/b><\/p><p>\u00a0<\/p><p><strong>\u00a0<\/strong><\/p><p><strong>Daniel H el\u00a0<\/strong><strong style=\"font-size: 16px; letter-spacing: 0px;\">8\/8\/2026<\/strong><\/p>\t\t\t\t\t\t\t\t<\/div>\n\t\t\t\t<\/div>\n\t\t\t\t\t<\/div>\n\t\t\t\t<\/div>\n\t\t\t\t<\/div>\n\t\t","protected":false},"excerpt":{"rendered":"<p>Fotografia tomada por ahi el 2006 cuando estaba recien empezando a fotografiar matrimonios profesionalmente y facebook me la recordo hace unos dias Cuando una fotograf\u00eda se convierte en memoria Cuando fotograf\u00edo una boda, s\u00e9 que estoy fotografiando un d\u00eda importante. Lo que no puedo saber es cu\u00e1nto van a valer esas fotograf\u00edas dentro de diez,<span class=\"post-excerpt-end\">&hellip;<\/span><\/p>\n<p class=\"more-link\"><a href=\"https:\/\/fotorama.cl\/boda\/vision-de-fotorama-boda\/\" class=\"themebutton\">Leer m\u00e1s<\/a><\/p>\n","protected":false},"author":1,"featured_media":0,"parent":0,"menu_order":0,"comment_status":"closed","ping_status":"closed","template":"","meta":{"footnotes":""},"class_list":["post-3616","page","type-page","status-publish","hentry"],"aioseo_notices":[],"_links":{"self":[{"href":"https:\/\/fotorama.cl\/boda\/wp-json\/wp\/v2\/pages\/3616","targetHints":{"allow":["GET"]}}],"collection":[{"href":"https:\/\/fotorama.cl\/boda\/wp-json\/wp\/v2\/pages"}],"about":[{"href":"https:\/\/fotorama.cl\/boda\/wp-json\/wp\/v2\/types\/page"}],"author":[{"embeddable":true,"href":"https:\/\/fotorama.cl\/boda\/wp-json\/wp\/v2\/users\/1"}],"replies":[{"embeddable":true,"href":"https:\/\/fotorama.cl\/boda\/wp-json\/wp\/v2\/comments?post=3616"}],"version-history":[{"count":4,"href":"https:\/\/fotorama.cl\/boda\/wp-json\/wp\/v2\/pages\/3616\/revisions"}],"predecessor-version":[{"id":3622,"href":"https:\/\/fotorama.cl\/boda\/wp-json\/wp\/v2\/pages\/3616\/revisions\/3622"}],"wp:attachment":[{"href":"https:\/\/fotorama.cl\/boda\/wp-json\/wp\/v2\/media?parent=3616"}],"curies":[{"name":"wp","href":"https:\/\/api.w.org\/{rel}","templated":true}]}}

<div data-elementor-type="wp-page" data-elementor-id="3616" class="elementor elementor-3616" data-elementor-post-type="page">
				<div class="elementor-element elementor-element-b70854d e-flex e-con-boxed e-con e-parent" data-id="b70854d" data-element_type="container">
					<div class="e-con-inner">
				<div class="elementor-element elementor-element-59c7b35 elementor-widget elementor-widget-image" data-id="59c7b35" data-element_type="widget" data-widget_type="image.default">
				<div class="elementor-widget-container">
												<figure class="wp-caption">
										<img fetchpriority="high" decoding="async" width="604" height="404" src="https://fotorama.cl/boda/wp-content/uploads/2026/08/509357751_10237895307547703_1987801341215568544_n.jpg" class="attachment-1536x1536 size-1536x1536 wp-image-3619" alt="" srcset="https://fotorama.cl/boda/wp-content/uploads/2026/08/509357751_10237895307547703_1987801341215568544_n.jpg 604w, https://fotorama.cl/boda/wp-content/uploads/2026/08/509357751_10237895307547703_1987801341215568544_n-300x201.jpg 300w, https://fotorama.cl/boda/wp-content/uploads/2026/08/509357751_10237895307547703_1987801341215568544_n-570x380.jpg 570w, https://fotorama.cl/boda/wp-content/uploads/2026/08/509357751_10237895307547703_1987801341215568544_n-380x254.jpg 380w, https://fotorama.cl/boda/wp-content/uploads/2026/08/509357751_10237895307547703_1987801341215568544_n-285x190.jpg 285w" sizes="(max-width: 604px) 100vw, 604px" />											<figcaption class="widget-image-caption wp-caption-text">Fotografia tomada por ahi el 2006 cuando estaba recien empezando a fotografiar matrimonios profesionalmente y facebook me la recordo hace unos dias</figcaption>
										</figure>
									</div>
				</div>
					</div>
				</div>
		<div class="elementor-element elementor-element-cddf9ad e-flex e-con-boxed e-con e-parent" data-id="cddf9ad" data-element_type="container">
					<div class="e-con-inner">
				<div class="elementor-element elementor-element-8c4d41b elementor-widget elementor-widget-text-editor" data-id="8c4d41b" data-element_type="widget" data-widget_type="text-editor.default">
				<div class="elementor-widget-container">
									<h1><b>Cuando una fotografía se convierte en memoria</b></h1><p><span style="font-weight: 400;">Cuando fotografío una boda, sé que estoy fotografiando un día importante. Lo que no puedo saber es cuánto van a valer esas fotografías dentro de diez, veinte o cuarenta años. Pero puedo imaginar que mucho</span></p><p><span style="font-weight: 400;">Roland Barthes, (escritor, crítico, semiólogo y teórico francés) en </span><i><span style="font-weight: 400;">La cámara lúcida</span></i><span style="font-weight: 400;">, escribió sobre una idea que siempre me ha parecido profundamente ligada a la fotografía: una fotografía nos dice que </span><b>eso estuvo ahí</b><span style="font-weight: 400;">. Esa persona estuvo frente a la cámara y toma más peso cuando ya no está esa persona en este plano. Suena obvio pero filosóficamente hablando tiene su peso</span></p><p><span style="font-weight: 400;">Barthes escribió parte de estas reflexiones después de la muerte de su madre, buscando entre sus fotografías no simplemente cómo se veía, sino una imagen en la que pudiera reconocer verdaderamente quién había sido ella. Lo que él llama punctum, que es lo no visible racionalmente de la foto, osea no es lo que socialmente tenemos arraigado, un abrazo,situación de amor filial, un niño que produce ternura etc. (eso es el studium) el punctum es lo que a nosotros nos llama la atención, nos conecta con la foto, que no es explicable y que para cada uno es diferente y generalmente no se puede explicar</span></p><p><span style="font-weight: 400;">Eso me hace pensar mucho en mi trabajo.</span></p><p><span style="font-weight: 400;">En una boda fotografío a los novios, por supuesto, un padre abrazando a su hija, los abuelos conversando, una madre arreglando un vestido, unos hermanos riéndose, un niño corriendo entre las mesas. Fotografías que el tiempo puede convertir en las más importante, pero que fundamentalmente cada uno va a ver distinto, eso hace que idealmente,los novios tengan una coneccion con el fotógrafo, que lo conozcan antes, que el fotógrafo los conozca y sepa de ellos, no es necesario llenar un cuestionario ni dada por el estilo, tomarse un café conversado ya es un buen inicio y que veas el trabajo del fotógrafo y realmente te conectes con sus fotos, más allá si el valor del servicio es alto o bajo, obviamente tienes un presupuesto destinado, pero con ese presupuesto busca al fotógrafo con el que conectes. Se que diciendo esto, no por nada malo, pero puedo tal vez perder algún cliente que no conecté totalmente con mis fotos, pero a la vez me deja tranquilo de que los que me contraten hayan visto mis fotos y les hagan sentido.</span></p><p><span style="font-weight: 400;">Volviendo a la idea inicial:</span></p><p><b>El tiempo reorganiza el valor de las fotografías.</b></p><p><span style="font-weight: 400;">Por eso, después de más de veinte años fotografiando matrimonios, entiendo cada vez más una boda como un </span><b>archivo afectivo de una familia</b><span style="font-weight: 400;">. Mi trabajo mezcla una mirada documental con fotografías más dirigidas y editoriales, pero en ambas busco lo mismo: estar presente, observar y reconocer aquello que merece permanecer.</span></p><p><span style="font-weight: 400;">Porque las fotografías tienen una segunda vida después de que las entregó.</span></p><p><span style="font-weight: 400;">Se miran, se comparten, se imprimen y, años después, se vuelven a encontrar. Por eso también insisto en algo mucho menos romántico, pero igual de importante: </span><b>hay que respaldarlas</b><span style="font-weight: 400;">. Guardarlas en más de un lugar. Imprimir algunas. Hacer un libro. No confiar la memoria de una familia únicamente a un teléfono, un computador o una nube que algún día podamos dejar de usar.</span></p><p><span style="font-weight: 400;">Una fotografía profesional no termina cuando la entregamos. En cierta forma, ahí comienza.</span></p><p><span style="font-weight: 400;">Quizás dentro de treinta años alguien abra un libro de matrimonio y encuentre allí a una persona que ya no está. Y entonces esa fotografía dejará de ser simplemente una buena foto de una boda.</span></p><p><span style="font-weight: 400;">Será otra cosa.</span></p><p><span style="font-weight: 400;">Será memoria, ausencia, afecto.</span></p><p><span style="font-weight: 400;">Será la posibilidad de mirar y decir:</span></p><p><b>esto ocurrió. Esta persona estuvo aquí. Nos miramos así. Nos quisimos así.</b></p><p><span style="font-weight: 400;">Por eso para mí fotografiar una boda nunca ha sido solamente fotografiar un día.</span></p><p><b>Es fotografiar el presente pensando también en la memoria.</b></p><p> </p><p><strong> </strong></p><p><strong>Daniel H el </strong><strong style="font-size: 16px; letter-spacing: 0px;">8/8/2026</strong></p>								</div>
				</div>
					</div>
				</div>
				</div>

<p>Fotografia tomada por ahi el 2006 cuando estaba recien empezando a fotografiar matrimonios profesionalmente y facebook me la recordo hace unos dias Cuando una fotografía se convierte en memoria Cuando fotografío una boda, sé que estoy fotografiando un día importante. Lo que no puedo saber es cuánto van a valer esas fotografías dentro de diez,<span class="post-excerpt-end">&hellip;</span></p>
<p class="more-link"><a href="https://fotorama.cl/boda/vision-de-fotorama-boda/" class="themebutton">Leer más</a></p>
