{"id":1509,"date":"2024-12-17T08:15:52","date_gmt":"2024-12-17T08:15:52","guid":{"rendered":"https:\/\/fotorama.cl\/boda\/?page_id=1509"},"modified":"2025-12-02T01:48:34","modified_gmt":"2025-12-02T01:48:34","slug":"quien-soy","status":"publish","type":"page","link":"https:\/\/fotorama.cl\/boda\/quien-soy\/","title":{"rendered":"Quien Soy"},"content":{"rendered":"\t\t<div data-elementor-type=\"wp-page\" data-elementor-id=\"1509\" class=\"elementor elementor-1509\" data-elementor-post-type=\"page\">\n\t\t\t\t<div class=\"elementor-element elementor-element-0d4d528 e-grid e-con-boxed e-con e-parent\" data-id=\"0d4d528\" data-element_type=\"container\">\n\t\t\t\t\t<div class=\"e-con-inner\">\n\t\t\t\t<div class=\"elementor-element elementor-element-29a51e7 elementor-widget elementor-widget-text-editor\" data-id=\"29a51e7\" data-element_type=\"widget\" data-widget_type=\"text-editor.default\">\n\t\t\t\t<div class=\"elementor-widget-container\">\n\t\t\t\t\t\t\t\t\t<h4><b>Daniel Hern\u00e1ndez \u2013 Fot\u00f3grafo y videografo<\/b><\/h4><p><span style=\"font-weight: 400;\">A lo largo de mi trayectoria, mi estilo ha evolucionado. En los inicios, como era tendencia en los a\u00f1os 2000, trabajaba principalmente con fotos posadas. Con el tiempo, he transitado hacia una fotograf\u00eda m\u00e1s <\/span><b>natural y espont\u00e1nea<\/b><span style=\"font-weight: 400;\">, que captura emociones reales y momentos, pero siempre manteniendo la importancia de las fotos clasicas que toda boda requiere. capturo imagenes para siempre, mi estilo lo llamo <strong>foto perenne<\/strong>.<\/span><\/p><p><span style=\"font-weight: 400;\">Comenc\u00e9 a trabajar de lleno (ya hab\u00eda fotografiado varios matrimonios) en el mundo de las bodas en 2006, y desde entonces me he dedicado de manera ininterrumpida a este oficio. Si hacemos el c\u00e1lculo, a un promedio de 50 matrimonios por a\u00f1o, hoy acumulo m\u00e1s o menos <\/span><b>900 bodas fotografiadas<\/b><span style=\"font-weight: 400;\">. Para la temporada 2025\u20132026 ya tengo <\/span><b>35 matrimonios confirmados<\/b><span style=\"font-weight: 400;\">, lo que refleja la confianza de las parejas incluso en un a\u00f1o m\u00e1s desafiante para el rubro.<\/span><\/p><p><span style=\"font-weight: 400;\">Desde 2012 soy parte activa de la plataforma <\/span><b>Matrimonios.cl<\/b><span style=\"font-weight: 400;\">, donde he recibido <\/span><b>11 Wedding Awards<\/b><span style=\"font-weight: 400;\"> y he acumulado m\u00e1s de <\/span><b>108 opiniones positivas<\/b><span style=\"font-weight: 400;\">, lo que respalda tanto la calidad de mi trabajo como la experiencia que entreg\u00f3 a cada pareja.<\/span><\/p><p><span style=\"font-weight: 400;\">Mi formaci\u00f3n acad\u00e9mica comenz\u00f3 con estudios de <\/span><b>Dise\u00f1o Gr\u00e1fico en la Universidad ARCIS (1995\u20131998)<\/b><span style=\"font-weight: 400;\"> y posteriormente con la carrera de <\/span><b>Fotograf\u00eda Profesional con menci\u00f3n en Publicidad en el Instituto Profesional Arcos (1999\u20132002)<\/b><span style=\"font-weight: 400;\">. Esta base me permiti\u00f3 unir lo creativo con lo t\u00e9cnico y abrir, en paralelo a las bodas, un <\/span><b>estudio fotogr\u00e1fico especializado en publicidad y fotograf\u00eda comercial<\/b><span style=\"font-weight: 400;\"> que funciona desde 2006.<\/span><\/p><p><span style=\"font-weight: 400;\">Entre 2014 y 2018 perfeccion\u00e9 mi mirada e inspiracion con distintos talleres y workshops junto a fot\u00f3grafos de renombre como <\/span><b>Citlalli Rico (M\u00e9xico, en el marco del Festival Foto Latino)<\/b><span style=\"font-weight: 400;\">, <\/span><b>Mariano Sfiligoy<\/b><span style=\"font-weight: 400;\">, <\/span><b>Facundo Santana<\/b><span style=\"font-weight: 400;\"> y <\/span><b>Fran Russo<\/b><span style=\"font-weight: 400;\">, referentes internacionales en fotograf\u00eda documental de bodas.<\/span><\/p>\t\t\t\t\t\t\t\t<\/div>\n\t\t\t\t<\/div>\n\t\t\t\t<div class=\"elementor-element elementor-element-ab0f171 elementor-widget elementor-widget-image\" data-id=\"ab0f171\" data-element_type=\"widget\" data-widget_type=\"image.default\">\n\t\t\t\t<div class=\"elementor-widget-container\">\n\t\t\t\t\t\t\t\t\t\t\t\t\t\t\t\t<a href=\"https:\/\/fotorama.cl\/boda\/daniel-h\/\">\n\t\t\t\t\t\t\t<img fetchpriority=\"high\" decoding=\"async\" width=\"682\" height=\"1024\" src=\"https:\/\/fotorama.cl\/boda\/wp-content\/uploads\/2025\/09\/DSC03262-copia-682x1024.webp\" class=\"attachment-large size-large wp-image-2432\" alt=\"\" srcset=\"https:\/\/fotorama.cl\/boda\/wp-content\/uploads\/2025\/09\/DSC03262-copia-682x1024.webp 682w, https:\/\/fotorama.cl\/boda\/wp-content\/uploads\/2025\/09\/DSC03262-copia-200x300.webp 200w, https:\/\/fotorama.cl\/boda\/wp-content\/uploads\/2025\/09\/DSC03262-copia-768x1152.webp 768w, https:\/\/fotorama.cl\/boda\/wp-content\/uploads\/2025\/09\/DSC03262-copia.webp 933w\" sizes=\"(max-width: 682px) 100vw, 682px\" \/>\t\t\t\t\t\t\t\t<\/a>\n\t\t\t\t\t\t\t\t\t\t\t\t\t\t\t<\/div>\n\t\t\t\t<\/div>\n\t\t\t\t\t<\/div>\n\t\t\t\t<\/div>\n\t\t<div class=\"elementor-element elementor-element-4287c9b e-flex e-con-boxed e-con e-parent\" data-id=\"4287c9b\" data-element_type=\"container\">\n\t\t\t\t\t<div class=\"e-con-inner\">\n\t\t<div class=\"elementor-element elementor-element-293ea1b e-con-full e-flex e-con e-child\" data-id=\"293ea1b\" data-element_type=\"container\">\n\t\t\t\t<div class=\"elementor-element elementor-element-1cb5bae elementor-widget elementor-widget-text-editor\" data-id=\"1cb5bae\" data-element_type=\"widget\" data-widget_type=\"text-editor.default\">\n\t\t\t\t<div class=\"elementor-widget-container\">\n\t\t\t\t\t\t\t\t\t<h4><b>Mas integrantes de Fotorama<\/b><\/h4><p><span style=\"font-weight: 400;\">Tambi\u00e9n hay otros integrantes de nuestro equipo como nuestro segubdo fotografo Jaime Tamayo y editores, vide\u00f3grafos, operadores de equipo etc, dentro de los que podemos nombrar a Claudio Abarca, Ignacio Jara, Carlos Santos, Alfredo Callejon, Jose luis Carrasco, Cristian Rojas, Margarita arancibia, Marcos Mendez, Patricia Villarroel, , Carlos Bustamante, Elias Camarena y otros que orbitan a nuestro alrededor<\/span><\/p>\t\t\t\t\t\t\t\t<\/div>\n\t\t\t\t<\/div>\n\t\t\t\t<\/div>\n\t\t<div class=\"elementor-element elementor-element-aa899b3 e-con-full e-flex e-con e-child\" data-id=\"aa899b3\" data-element_type=\"container\">\n\t\t\t\t<div class=\"elementor-element elementor-element-2ccd4d3 elementor-arrows-position-inside elementor-pagination-position-outside elementor-widget elementor-widget-image-carousel\" data-id=\"2ccd4d3\" data-element_type=\"widget\" data-settings=\"{&quot;slides_to_show&quot;:&quot;1&quot;,&quot;navigation&quot;:&quot;both&quot;,&quot;autoplay&quot;:&quot;yes&quot;,&quot;pause_on_hover&quot;:&quot;yes&quot;,&quot;pause_on_interaction&quot;:&quot;yes&quot;,&quot;autoplay_speed&quot;:5000,&quot;infinite&quot;:&quot;yes&quot;,&quot;effect&quot;:&quot;slide&quot;,&quot;speed&quot;:500}\" data-widget_type=\"image-carousel.default\">\n\t\t\t\t<div class=\"elementor-widget-container\">\n\t\t\t\t\t\t\t<div class=\"elementor-image-carousel-wrapper swiper\" role=\"region\" aria-roledescription=\"carousel\" aria-label=\"Carrusel de im\u00e1genes\" dir=\"ltr\">\n\t\t\t<div class=\"elementor-image-carousel swiper-wrapper\" aria-live=\"off\">\n\t\t\t\t\t\t\t\t<div class=\"swiper-slide\" role=\"group\" aria-roledescription=\"slide\" aria-label=\"1 de 7\"><figure class=\"swiper-slide-inner\"><img decoding=\"async\" class=\"swiper-slide-image\" src=\"https:\/\/fotorama.cl\/boda\/wp-content\/uploads\/2024\/10\/WhatsApp-Image-2024-10-25-at-18.54.57-1.jpeg\" alt=\"WhatsApp Image 2024-10-25 at 18.54.57\" \/><\/figure><\/div><div class=\"swiper-slide\" role=\"group\" aria-roledescription=\"slide\" aria-label=\"2 de 7\"><figure class=\"swiper-slide-inner\"><img decoding=\"async\" class=\"swiper-slide-image\" src=\"https:\/\/fotorama.cl\/boda\/wp-content\/uploads\/2024\/11\/WhatsApp-Image-2024-10-25-at-13.07.23.jpeg\" alt=\"WhatsApp Image 2024-10-25 at 13.07.23\" \/><\/figure><\/div><div class=\"swiper-slide\" role=\"group\" aria-roledescription=\"slide\" aria-label=\"3 de 7\"><figure class=\"swiper-slide-inner\"><img decoding=\"async\" class=\"swiper-slide-image\" src=\"https:\/\/fotorama.cl\/boda\/wp-content\/uploads\/2024\/11\/WhatsApp-Image-2024-11-06-at-13.23.37-1.jpeg\" alt=\"WhatsApp Image 2024-11-06 at 13.23.37\" \/><\/figure><\/div><div class=\"swiper-slide\" role=\"group\" aria-roledescription=\"slide\" aria-label=\"4 de 7\"><figure class=\"swiper-slide-inner\"><img decoding=\"async\" class=\"swiper-slide-image\" src=\"https:\/\/fotorama.cl\/boda\/wp-content\/uploads\/2024\/12\/IMG-20191011-WA0011.jpg\" alt=\"IMG-20191011-WA0011\" \/><\/figure><\/div><div class=\"swiper-slide\" role=\"group\" aria-roledescription=\"slide\" aria-label=\"5 de 7\"><figure class=\"swiper-slide-inner\"><img decoding=\"async\" class=\"swiper-slide-image\" src=\"https:\/\/fotorama.cl\/boda\/wp-content\/uploads\/2025\/07\/Jaime-Tamayo-fotografo-y-videografo-en-Santiago-scaled-1-1024x341-1.webp\" alt=\"Jaime Tamayo -fotografo-y-videografo-en-Santiago-scaled-1-1024x341\" \/><\/figure><\/div><div class=\"swiper-slide\" role=\"group\" aria-roledescription=\"slide\" aria-label=\"6 de 7\"><figure class=\"swiper-slide-inner\"><img decoding=\"async\" class=\"swiper-slide-image\" src=\"https:\/\/fotorama.cl\/boda\/wp-content\/uploads\/2025\/07\/alfredo-ok-1.webp\" alt=\"alfredo-ok-1\" \/><\/figure><\/div><div class=\"swiper-slide\" role=\"group\" aria-roledescription=\"slide\" aria-label=\"7 de 7\"><figure class=\"swiper-slide-inner\"><img decoding=\"async\" class=\"swiper-slide-image\" src=\"https:\/\/fotorama.cl\/boda\/wp-content\/uploads\/2025\/07\/IMG_0534-copia-1-1536x512-1.webp\" alt=\"IMG_0534-copia-1-1536x512\" \/><\/figure><\/div>\t\t\t<\/div>\n\t\t\t\t\t\t\t\t\t\t\t\t<div class=\"elementor-swiper-button elementor-swiper-button-prev\" role=\"button\" tabindex=\"0\">\n\t\t\t\t\t\t<svg aria-hidden=\"true\" class=\"e-font-icon-svg e-eicon-chevron-left\" viewBox=\"0 0 1000 1000\" xmlns=\"http:\/\/www.w3.org\/2000\/svg\"><path d=\"M646 125C629 125 613 133 604 142L308 442C296 454 292 471 292 487 292 504 296 521 308 533L604 854C617 867 629 875 646 875 663 875 679 871 692 858 704 846 713 829 713 812 713 796 708 779 692 767L438 487 692 225C700 217 708 204 708 187 708 171 704 154 692 142 675 129 663 125 646 125Z\"><\/path><\/svg>\t\t\t\t\t<\/div>\n\t\t\t\t\t<div class=\"elementor-swiper-button elementor-swiper-button-next\" role=\"button\" tabindex=\"0\">\n\t\t\t\t\t\t<svg aria-hidden=\"true\" class=\"e-font-icon-svg e-eicon-chevron-right\" viewBox=\"0 0 1000 1000\" xmlns=\"http:\/\/www.w3.org\/2000\/svg\"><path d=\"M696 533C708 521 713 504 713 487 713 471 708 454 696 446L400 146C388 133 375 125 354 125 338 125 325 129 313 142 300 154 292 171 292 187 292 204 296 221 308 233L563 492 304 771C292 783 288 800 288 817 288 833 296 850 308 863 321 871 338 875 354 875 371 875 388 867 400 854L696 533Z\"><\/path><\/svg>\t\t\t\t\t<\/div>\n\t\t\t\t\n\t\t\t\t\t\t\t\t\t<div class=\"swiper-pagination\"><\/div>\n\t\t\t\t\t\t\t\t\t<\/div>\n\t\t\t\t\t\t<\/div>\n\t\t\t\t<\/div>\n\t\t\t\t<\/div>\n\t\t\t\t\t<\/div>\n\t\t\t\t<\/div>\n\t\t<div class=\"elementor-element elementor-element-13ebf02 e-flex e-con-boxed e-con e-parent\" data-id=\"13ebf02\" data-element_type=\"container\">\n\t\t\t\t\t<div class=\"e-con-inner\">\n\t\t\t\t<div class=\"elementor-element elementor-element-e29e4fb elementor-widget elementor-widget-text-editor\" data-id=\"e29e4fb\" data-element_type=\"widget\" data-widget_type=\"text-editor.default\">\n\t\t\t\t<div class=\"elementor-widget-container\">\n\t\t\t\t\t\t\t\t\t<p><span style=\"font-weight: 400;\">En <\/span><b>Fotorama<\/b><span style=\"font-weight: 400;\">, ofrecemos <\/span><b>calidad, innovaci\u00f3n y un equipo de profesionales comprometidos<\/b><span style=\"font-weight: 400;\"> con transformar tu boda en un recuerdo inolvidable. \u00a1Nos apasiona lo que hacemos y eso se refleja en cada imagen!<\/span><\/p>\t\t\t\t\t\t\t\t<\/div>\n\t\t\t\t<\/div>\n\t\t\t\t\t<\/div>\n\t\t\t\t<\/div>\n\t\t\t\t<\/div>\n\t\t","protected":false},"excerpt":{"rendered":"<p>Daniel Hern\u00e1ndez \u2013 Fot\u00f3grafo y videografo A lo largo de mi trayectoria, mi estilo ha evolucionado. En los inicios, como era tendencia en los a\u00f1os 2000, trabajaba principalmente con fotos posadas. Con el tiempo, he transitado hacia una fotograf\u00eda m\u00e1s natural y espont\u00e1nea, que captura emociones reales y momentos, pero siempre manteniendo la importancia de<span class=\"post-excerpt-end\">&hellip;<\/span><\/p>\n<p class=\"more-link\"><a href=\"https:\/\/fotorama.cl\/boda\/quien-soy\/\" class=\"themebutton\">Leer m\u00e1s<\/a><\/p>\n","protected":false},"author":1,"featured_media":0,"parent":0,"menu_order":0,"comment_status":"closed","ping_status":"closed","template":"","meta":{"footnotes":""},"class_list":["post-1509","page","type-page","status-publish","hentry"],"aioseo_notices":[],"_links":{"self":[{"href":"https:\/\/fotorama.cl\/boda\/wp-json\/wp\/v2\/pages\/1509","targetHints":{"allow":["GET"]}}],"collection":[{"href":"https:\/\/fotorama.cl\/boda\/wp-json\/wp\/v2\/pages"}],"about":[{"href":"https:\/\/fotorama.cl\/boda\/wp-json\/wp\/v2\/types\/page"}],"author":[{"embeddable":true,"href":"https:\/\/fotorama.cl\/boda\/wp-json\/wp\/v2\/users\/1"}],"replies":[{"embeddable":true,"href":"https:\/\/fotorama.cl\/boda\/wp-json\/wp\/v2\/comments?post=1509"}],"version-history":[{"count":44,"href":"https:\/\/fotorama.cl\/boda\/wp-json\/wp\/v2\/pages\/1509\/revisions"}],"predecessor-version":[{"id":3020,"href":"https:\/\/fotorama.cl\/boda\/wp-json\/wp\/v2\/pages\/1509\/revisions\/3020"}],"wp:attachment":[{"href":"https:\/\/fotorama.cl\/boda\/wp-json\/wp\/v2\/media?parent=1509"}],"curies":[{"name":"wp","href":"https:\/\/api.w.org\/{rel}","templated":true}]}}